e remainder when 163394 is divided by 178?
168
What is the remainder when 252301 is divided by 252295?
6
Calculate the remainder when 2664 is divided by 563.
412
What is the remainder when 3810 is divided by 238?
2
Calculate the remainder when 59678 is divided by 226.
14
What is the remainder when 52897 is divided by 1959?
4
Calculate the remainder when 358634 is divided by 33.
23
What is the remainder when 481770 is divided by 25?
20
What is the remainder when 14084 is divided by 2782?
174
Calculate the remainder when 836 is divided by 41.
16
What is the remainder when 5636 is divided by 2412?
812
What is the remainder when 11761 is divided by 37?
32
Calculate the remainder when 18122 is divided by 518.
510
What is the remainder when 302572 is divided by 100855?
7
Calculate the remainder when 661637 is divided by 68.
65
Calculate the remainder when 19270 is divided by 6397.
79
What is the remainder when 1586 is divided by 38?
28
What is the remainder when 5277 is divided by 2624?
29
What is the remainder when 15835 is divided by 77?
50
Calculate the remainder when 5425 is divided by 259.
245
Calculate the remainder when 5305 is divided by 87.
85
What is the remainder when 35425 is divided by 38?
9
Calculate the remainder when 275249 is divided by 22937.
5
Calculate the remainder when 160498 is divided by 500.
498
What is the remainder when 2082 is divided by 758?
566
What is the remainder when 56371 is divided by 142?
139
What is the remainder when 730 is divided by 119?
16
What is the remainder when 7643 is divided by 2518?
89
Calculate the remainder when 1526 is divided by 1075.
451
Calculate the remainder when 13895 is divided by 12.
11
What is the remainder when 1878027 is divided by 139?
137
What is the remainder when 5029079 is divided by 105?
104
Calculate the remainder when 9868 is divided by 274.
4
What is the remainder when 220 is divided by 68?
16
Calculate the remainder when 3697 is divided by 1109.
370
Calculate the remainder when 9471 is divided by 91.
7
What is the remainder when 17406 is divided by 16136?
1270
Calculate the remainder when 21952 is divided by 366.
358
Calculate the remainder when 562601 is divided by 283.
280
What is the remainder when 129212 is divided by 25839?
17
What is the remainder when 21633749 is divided by 2072?
2069
What is the remainder when 22830 is divided by 5703?
18
What is the remainder when 47317 is divided by 67?
15
Calculate the remainder when 22536 is divided by 5633.
4
What is the remainder when 26554 is divided by 8851?
1
Calculate the remainder when 61046 is divided by 357.
356
What is the remainder when 2136 is divided by 527?
28
What is the remainder when 1112 is divided by 332?
116
Calculate the remainder when 5634 is divided by 402.
6
Calculate the remainder when 75933 is divided by 987.
921
Calculate the remainder when 16916 is divided by 4226.
12
What is the remainder when 91263 is divided by 227?
9
Calculate the remainder when 2473 is divided by 128.
41
Calculate the remainder when 223325 is divided by 28.
25
Calculate the remainder when 296073 is divided by 318.
15
Calculate the remainder when 478499 is divided by 29.
28
What is the remainder when 159385 is divided by 793?
785
What is the remainder when 585417 is divided by 1115?
42
Calculate the remainder when 2581954 is divided by 6.
4
What is the remainder when 76604 is divided by 8?
4
What is the remainder when 2420 is divided by 47?
23
Calculate the remainder when 3228 is divided by 110.
38
Calculate the remainder when 3652 is divided by 3559.
93
Calculate the remainder when 14657 is divided by 7327.
3
What is the remainder when 33425 is divided by 205?
10
Calculate the remainder when 62618 is divided by 76.
70
Calculate the remainder when 5977 is divided by 5966.
11
What is the remainder when 210702 is divided by 7023?
12
Calculate the remainder when 8089 is divided by 62.
29
Calculate the remainder when 26494 is divided by 219.
214
What is the remainder when 744341 is divided by 19?
16
What is the remainder when 2043 is divided by 71?
55
Calculate the remainder when 300 is divided by 233.
67
What is the remainder when 7374 is divided by 3604?
166
What is the remainder when 13921 is divided by 170?
151
Calculate the remainder when 400013 is divided by 200006.
1
What is the remainder when 451638 is divided by 140?
138
Calculate the remainder when 12452 is divided by 28.
20
What is the remainder when 21049 is divided by 38?
35
What is the remainder when 8169 is divided by 215?
214
What is the remainder when 79852 is divided by 110?
102
What is the remainder when 709 is divided by 146?
125
Calculate the remainder when 5930 is divided by 89.
56
What is the remainder when 3195 is divided by 2564?
631
Calculate the remainder when 281224 is divided by 70305.
4
Calculate the remainder when 5507 is divided by 501.
497
What is the remainder when 434939 is divided by 66?
65
Calculate the remainder when 80808 is divided by 480.
168
What is the remainder when 290157 is divided by 31?
28
Calculate the remainder when 290010 is divided by 145003.
4
Calculate the remainder when 687 is divided by 199.
90
What is the remainder when 26490 is divided by 417?
219
What is the remainder when 48107 is divided by 411?
20
Calculate the remainder when 3174 is divided by 1532.
110
Calculate the remainder when 13780 is divided by 1522.
82
Calculate the remainder when 2043 is divided by 85.
3
What is the remainder when 60545 is divided by 1483?
1225
Calculate the remainder when 6043 is divided by 121.
114
Calculate the remainder when 63741 is divided by 4.
1
What is the remainder when 1482529 is divided by 56?
41
Calculate the remainder when 44440 is divided by 41.
37
What is the remainder when 210480 is divided by 21?
18
Calculate the remainder when 10021 is divided by 36.
13
Calculate the remainder when 14446 is divided by 130.
16
Calculate the remainder when 2133 is divided by 420.
33
Calculate the remainder when 7437 is divided by 128.
13
What is the remainder when 20289 is divided by 343?
52
What is the remainder when 6113 is divided by 89?
61
Calculate the remainder when 1662 is divided by 384.
126
What is the remainder when 426742 is divided by 24?
22
What is the remainder when 17716 is divided by 588?
76
What is the remainder when 15235 is divided by 856?
683
What is the remainder when 2518 is divided by 9?
7
Calculate the remainder when 60109 is divided by 104.
101
Calculate the remainder when 2633126 is divided by 9.
5
What is the remainder when 307 is divided by 75?
7
What is the remainder when 111166 is divided by 68?
54
What is the remainder when 21543 is divided by 1267?
4
Calculate the remainder when 112452 is divided by 518.
46
Calculate the remainder when 103784 is divided by 17.
16
What is the remainder when 98537 is divided by 52?
49
Calculate the remainder when 9135 is divided by 36.
27
Calculate the remainder when 26987 is divided by 13489.
9
What is the remainder when 18489 is divided by 149?
13
Calculate the remainder when 16561 is divided by 144.
1
What is the remainder when 12007 is divided by 2997?
19
What is the remainder when 36107 is divided by 239?
18
What is the remainder when 2104893 is divided by 169?
167
What is the remainder when 566719 is divided by 8?
7
Calculate the remainder when 1532 is divided by 620.
292
What is the remainder when 15835 is divided by 68?
59
What is the remainder when 179010 is divided by 12?
6
Calculate the remainder when 1440728 is divided by 71.
67
Calculate the remainder when 5699 is divided by 353.
51
Calculate the remainder when 564 is divided by 253.
58
Calculate the remainder when 15818 is divided by 71.
56
What is the remainder when 8148 is divided by 429?
426
What is the remainder when 63089 is divided by 57?
47
What is the remainder when 124644 is divided by 204?
0
What is the remainder when 2303 is divided by 747?
62
Calculate the remainder when 949 is divided by 113.
45
Calculate the remainder when 1637 is divided by 226.
55
Calculate the remainder when 13688 is divided by 2279.
14
What is the remainder when 11297 is divided by 83?
9
What is the remainder when 12239 is divided by 2671?
1555
What is the remainder when 161225 is divided by 223?
219
Calculate the remainder when 2116 